10 and 30.
30
What is the highest common divisor of 175 and 140?
35
Calculate the highest common factor of 294 and 210.
42
Calculate the greatest common factor of 780 and 6.
6
What is the greatest common divisor of 1908 and 48?
12
What is the highest common factor of 276 and 1196?
92
What is the greatest common factor of 6549 and 118?
59
Calculate the highest common divisor of 7 and 161.
7
Calculate the greatest common divisor of 108 and 3384.
36
Calculate the greatest common factor of 12 and 531.
3
What is the highest common divisor of 24 and 42?
6
Calculate the highest common divisor of 28 and 3794.
14
What is the greatest common factor of 275 and 187?
11
Calculate the greatest common divisor of 2449 and 31.
31
What is the highest common divisor of 51 and 8007?
51
Calculate the greatest common factor of 1261 and 582.
97
Calculate the highest common divisor of 385 and 1575.
35
What is the highest common divisor of 1332 and 72?
36
What is the greatest common factor of 66 and 264?
66
What is the greatest common factor of 68 and 6086?
34
Calculate the greatest common factor of 189 and 162.
27
Calculate the highest common factor of 2449 and 155.
31
Calculate the highest common divisor of 7 and 133.
7
Calculate the highest common divisor of 58 and 319.
29
Calculate the highest common divisor of 65 and 65.
65
Calculate the highest common divisor of 322 and 14.
14
Calculate the highest common factor of 12 and 462.
6
What is the highest common factor of 774 and 288?
18
Calculate the highest common divisor of 680 and 3944.
136
What is the greatest common factor of 884 and 156?
52
Calculate the highest common factor of 40 and 760.
40
Calculate the highest common factor of 4 and 100.
4
Calculate the greatest common factor of 2 and 181.
1
What is the greatest common divisor of 307 and 7061?
307
Calculate the highest common factor of 840 and 1320.
120
Calculate the greatest common divisor of 67 and 41339.
67
What is the greatest common divisor of 264 and 276?
12
Calculate the highest common factor of 35580 and 300.
60
What is the greatest common factor of 2405 and 130?
65
What is the greatest common factor of 21 and 105?
21
Calculate the highest common divisor of 17896 and 24.
8
What is the greatest common factor of 2929 and 29?
29
Calculate the highest common factor of 120 and 1500.
60
Calculate the greatest common divisor of 58 and 87.
29
What is the greatest common factor of 360 and 600?
120
What is the greatest common divisor of 234 and 45?
9
What is the highest common divisor of 4 and 356?
4
Calculate the greatest common factor of 901 and 85.
17
What is the highest common factor of 8 and 904?
8
What is the greatest common divisor of 183 and 3?
3
What is the greatest common divisor of 13 and 6227?
13
What is the highest common factor of 896 and 9184?
224
What is the highest common divisor of 1176 and 4263?
147
Calculate the highest common divisor of 512 and 7616.
64
Calculate the highest common factor of 1702 and 552.
46
What is the greatest common factor of 15 and 216?
3
What is the greatest common factor of 2442 and 33?
33
Calculate the highest common factor of 132 and 1518.
66
Calculate the highest common divisor of 670 and 470.
10
Calculate the highest common factor of 78 and 10491.
39
What is the greatest common factor of 76 and 6213?
19
Calculate the highest common divisor of 120 and 930.
30
What is the highest common factor of 48 and 1308?
12
What is the highest common divisor of 18 and 171?
9
What is the highest common factor of 112 and 128?
16
What is the highest common factor of 17 and 272?
17
What is the greatest common factor of 8991 and 27?
27
Calculate the highest common factor of 71 and 497.
71
Calculate the highest common factor of 400 and 150.
50
Calculate the highest common factor of 192 and 1308.
12
Calculate the greatest common factor of 24 and 17376.
24
What is the greatest common divisor of 705 and 105?
15
Calculate the greatest common divisor of 2759 and 1157.
89
What is the highest common factor of 10 and 1030?
10
What is the highest common factor of 132 and 1023?
33
Calculate the greatest common factor of 189 and 27.
27
Calculate the greatest common divisor of 72 and 2344.
8
Calculate the greatest common divisor of 120 and 40.
40
Calculate the greatest common factor of 6 and 45.
3
Calculate the highest common factor of 470 and 188.
94
Calculate the greatest common divisor of 609 and 126.
21
What is the greatest common factor of 324 and 96?
12
What is the greatest common factor of 34 and 272?
34
Calculate the highest common divisor of 78 and 5109.
39
